greatest common divisor of 116352 and 252.
36
Calculate the highest common divisor of 1440022 and 1846.
142
Calculate the highest common factor of 54952535 and 145.
145
Calculate the greatest common divisor of 351780444 and 27.
9
Calculate the highest common divisor of 19654 and 60326.
62
What is the highest common divisor of 213948 and 73332?
756
Calculate the greatest common divisor of 10023112 and 56.
8
What is the highest common divisor of 420 and 1888968?
12
Calculate the highest common divisor of 2460 and 196838130.
1230
What is the highest common factor of 1996 and 94759601?
499
What is the greatest common factor of 520869459 and 99?
33
Calculate the greatest common factor of 135 and 1780255.
5
Calculate the greatest common factor of 3829654 and 524.
262
What is the greatest common divisor of 16 and 86577320?
8
Calculate the highest common divisor of 621046 and 158700.
1058
What is the highest common divisor of 4125 and 936375?
4125
What is the highest common factor of 112131604 and 91?
13
Calculate the greatest common factor of 5029254 and 936.
18
What is the greatest common factor of 756 and 388549?
7
Calculate the highest common factor of 90480614 and 14.
14
What is the greatest common factor of 80 and 1146745?
5
What is the greatest common factor of 48 and 46731324?
12
What is the greatest common divisor of 27722 and 303033?
83
Calculate the highest common divisor of 1275 and 31839.
3
What is the highest common factor of 497981120 and 16?
16
What is the greatest common factor of 8364 and 1240014?
102
What is the greatest common factor of 2180048 and 120367?
611
Calculate the greatest common divisor of 2814 and 110456133.
201
Calculate the highest common divisor of 19790 and 22080.
10
What is the highest common divisor of 1095252 and 3852?
1284
Calculate the highest common divisor of 9177 and 130411288.
3059
Calculate the greatest common divisor of 1866852 and 2340.
468
What is the greatest common factor of 279 and 12661888?
31
What is the greatest common factor of 76 and 6473319?
19
Calculate the highest common divisor of 8487 and 328779.
369
Calculate the greatest common divisor of 6 and 90962889.
3
What is the highest common divisor of 2246 and 4670?
2
What is the greatest common factor of 99216 and 39624?
312
What is the greatest common factor of 13889 and 2856017?
731
What is the highest common factor of 1738 and 228468?
158
Calculate the highest common factor of 12992 and 1263835776.
12992
What is the greatest common factor of 22565415 and 63480?
345
Calculate the highest common factor of 1206558 and 2754.
306
Calculate the greatest common divisor of 2623307008 and 1792.
1792
Calculate the greatest common factor of 1206 and 1001718.
18
Calculate the highest common factor of 187452 and 666.
18
Calculate the highest common divisor of 667205 and 7315.
385
Calculate the greatest common divisor of 37753424 and 32.
16
Calculate the greatest common factor of 1095306478 and 14.
14
Calculate the highest common factor of 23706 and 660483.
9
What is the greatest common divisor of 1154944 and 64?
64
What is the highest common divisor of 25 and 156846175?
25
Calculate the greatest common divisor of 1644 and 466084686.
822
What is the greatest common factor of 150 and 2064690?
30
What is the highest common divisor of 2684 and 2023492?
244
Calculate the highest common factor of 21100577 and 876.
73
What is the highest common factor of 4045789 and 41173?
2167
Calculate the greatest common factor of 63215 and 140149.
269
Calculate the greatest common factor of 128938345 and 115.
115
What is the highest common divisor of 312 and 29071432?
104
What is the greatest common factor of 325392 and 19920?
48
Calculate the greatest common divisor of 1145462 and 306506.
926
Calculate the greatest common factor of 117 and 26202189.
39
What is the greatest common divisor of 20027 and 22913749?
2861
Calculate the highest common factor of 58722049 and 8462.
4231
What is the greatest common divisor of 20 and 2251156?
4
Calculate the highest common divisor of 832505 and 45756.
1271
What is the greatest common divisor of 2472874 and 14204?
106
Calculate the highest common divisor of 2412 and 4439556.
36
What is the greatest common factor of 126 and 10797927?
21
Calculate the greatest common factor of 13207810 and 1785.
595
Calculate the highest common divisor of 14372236 and 1172.
1172
Calculate the highest common factor of 772 and 361859174.
386
Calculate the greatest common divisor of 20970 and 67230.
90
What is the highest common divisor of 236321 and 76853219?
8149
What is the highest common factor of 174 and 348838158?
174
Calculate the greatest common divisor of 481 and 5375841.
37
Calculate the highest common factor of 6313320 and 3933.
171
Calculate the greatest common divisor of 2608 and 15796330.
326
What is the highest common divisor of 35269 and 29861?
13
Calculate the greatest common divisor of 60037734 and 6.
6
What is the greatest common factor of 15856 and 19840?
16
Calculate the greatest common factor of 134799818 and 6.
2
Calculate the greatest common divisor of 181424905 and 6285.
2095
What is the greatest common divisor of 28161527 and 202?
101
Calculate the greatest common factor of 6521922 and 6336.
198
Calculate the highest common divisor of 28915521 and 238.
17
Calculate the highest common factor of 71480 and 4240.
40
What is the greatest common divisor of 397 and 9731264?
397
What is the greatest common divisor of 163315 and 870524?
367
Calculate the greatest common divisor of 1152 and 173256576.
384
What is the highest common divisor of 93314 and 26966?
194
What is the highest common divisor of 5640793 and 6543?
727
What is the highest common divisor of 502 and 270176902?
502
What is the greatest common factor of 10 and 26383135?
5
Calculate the greatest common factor of 10031168 and 512.
64
Calculate the greatest common divisor of 1905652 and 16380.
28
What is the greatest common divisor of 342 and 12898150?
38
Calculate the highest common factor of 13832 and 11995704.
56
What is the highest common divisor of 9826668 and 684?
36
What is the greatest common factor of 86060 and 2080?
260
What is the greatest common divisor of 71387640 and 72?
72
Calculate the greatest common factor of 6985675 and 5175.
575
What is the greatest common factor of 924 and 28182077?
77
What is the greatest common factor of 1282 and 1301785106?
1282
What is the greatest common factor of 1035 and 394425?
45
What is the highest common divisor of 22552724 and 284?
284
Calculate the highest common divisor of 416151 and 11421.
27
Calculate the highest common divisor of 33 and 34582383.
33
What is the highest common divisor of 315476837 and 164?
41
What is the highest common factor of 1069246 and 218406?
178
Calculate the greatest common factor of 56057 and 732607.
1933
What is the greatest common factor of 19928 and 7216427?
2491
Calculate the greatest common divisor of 1242679 and 4030768.
2117
What is the greatest common factor of 557353255 and 655?
655
Calculate the highest common divisor of 51145170 and 1810.
1810
What is the highest common divisor of 1925 and 22291225?
275
Calculate the highest common factor of 4 and 51563.
1
Calculate the highest common factor of 119 and 3028567.
17
What is the greatest common divisor of 53792682 and 24?
6
Calculate the highest common divisor of 70 and 2967310.
10
Calculate the highest common divisor of 46817106 and 14.
14
Calculate the highest common factor of 24786 and 252594.
18
What is the highest common divisor of 229685337 and 586?
293
Calculate the greatest common factor of 16012456 and 338944.
2648
Calculate the highest common factor of 415 and 176505.
5
Calculate the greatest common divisor of 4175794 and 28826.
994
What is the highest common divisor of 7414561 and 154?
77
Calculate the highest common divisor of 491870 and 18481650.
4870
What is the greatest common factor of 81329 and 241552?
487
Calculate the highest common divisor of 134 and 1046071.
67
What is the greatest common factor of 1208 and 14840884?
604
Calculate the greatest common divisor of 44681 and 45773.
91
Calculate the highest common factor of 290 and 25844570.
10
Calculate the greatest common factor of 133555089 and 555.
111
What is the grea